9. Calculate the greatest common factor of 66 and d.
33
Let b = 37 + -37. Suppose b = -3*a + 6, a - 208 = -4*y + 946. Calculate the highest common factor of y and 18.
18
Let x = 74 - 18. Suppose -4*z = -2*l - 38, -x = -5*z - 3*l - 3. Let u be (6/z)/((-3)/(-30)). What is the highest common factor of 9 and u?
3
Let o = -40 - -65. Suppose 3*s + p = 14, -3*s + 2*p - 7*p = -34. Let f = o - s. Calculate the greatest common divisor of f and 66.
22
Let v be ((-105)/(-42))/(5/10). Calculate the highest common factor of 355 and v.
5
Let f = -378 - -477. Calculate the highest common factor of 66 and f.
33
Suppose -v + 6*v - 10 = 0. Let s be ((-12)/7)/(v/(-154)). What is the greatest common factor of 12 and s?
12
Let j(m) = 2*m**3 - m**2 - m. Let w = -8 + 10. Let c be j(w). Calculate the highest common factor of 40 and c.
10
Let a(d) = 3*d**3 - 10*d**2 + 3*d - 9. Let l be a(4). Calculate the highest common factor of l and 105.
35
Let h = 14 + -13. Let s be (h - 0)*(0 - 2). Let k be s/(3*4/(-78)). What is the highest common factor of k and 13?
13
Let h(q) = -q**2 - 4*q + 1. Let n(l) = -l + 3. Let z be n(3). Suppose z = 5*c + 3 + 7. Let o be h(c). What is the greatest common factor of 5 and o?
5
Let x(a) = -a**2 + 17*a + 19. Let h be x(-6). Let z = -116 - h. Suppose 0 = -2*j + 8 + 4. Calculate the highest common factor of z and j.
3
Let h = -12 + 48. Let t be h/8*14*2. Let v = -17 + 31. Calculate the greatest common factor of t and v.
14
Suppose -62*h = -59*h - 69. Calculate the highest common factor of 368 and h.
23
Let n = -337 - -351. Calculate the greatest common factor of 6 and n.
2
Let t = 823 + -570. Let u be (-4)/(-10) + (-1662)/30. Let l = 78 + u. What is the greatest common divisor of t and l?
23
Suppose -33*k - 110 = -28*k. Let r = 10 - k. Calculate the highest common divisor of 256 and r.
32
Suppose -3*j + 0*j + 51 = -z, -2*j - 4*z = -48. Suppose 2*y - y = j. Calculate the greatest common divisor of y and 45.
9
Suppose 5*g = 23 + 62. Calculate the highest common factor of 153 and g.
17
Let o = 116 - 73. Let y = o + -41. Calculate the greatest common factor of 32 and y.
2
Let y(q) = -4 + 17 - 4*q + 8 - 5. Let c be y(0). Calculate the greatest common factor of 176 and c.
16
Let c(b) = b**2 + 5*b + 1. Let k be c(-3). Let v be (2 - -56)/(7 + k). Let a = v - 24. Calculate the greatest common divisor of a and 20.
5
Let b(w) = 2*w - 3. Let s be b(3). Let l = -77 - -110. What is the greatest common divisor of s and l?
3
Let h(g) = g**3 - 10*g**2 - 11*g + 5. Let q be h(11). Let v be (-3)/q - 856/(-10). Calculate the highest common factor of v and 17.
17
Suppose 0 = -13*n - 21*n + 204. Let o = -184 - -268. What is the greatest common divisor of o and n?
6
Let r(l) = 3*l**3 - 3*l**2 + 5*l - 3. Let b be r(3). Calculate the highest common factor of b and 165.
33
Let w(b) = -b**2 - 9*b + 12. Let g = -55 + 97. Suppose 6*l = -12 - g. Let z be w(l). What is the greatest common factor of 3 and z?
3
Let x = 38 - 36. Let q = 100 + -84. What is the highest common divisor of q and x?
2
Suppose 2002 = 2481*b - 2474*b. Calculate the highest common factor of b and 22.
22
Let l be (-8)/(-6)*60/40. Suppose 3*t - 6*f + 7*f = 227, 2*t + l*f - 146 = 0. Calculate the greatest common factor of 11 and t.
11
Suppose 0 = -0*m + 2*m - 208. Let l(u) = 4*u**2 + 17*u + 4. Let f be l(-4). Suppose -2*v + m = 2*v + p, -p = f. What is the highest common divisor of 13 and v?
13
Suppose 0 = -4*l + 3*f + 63, 3*f + 18 + 9 = l. What is the greatest common factor of 324 and l?
12
Let d be ((-14)/3 + 2)*6/(-8). Suppose 4*r + 5*l - 101 = d*l, 3*r - 3*l - 102 = 0. Calculate the greatest common factor of 203 and r.
29
Suppose -2*s + 26 = -2*k, 4*k = -3*s + 7 - 3. Let x = -52 - -54. Let i be (-4)/x*(-3 + 2). Calculate the greatest common factor of i and s.
2
Let y = -468 + 508. Calculate the greatest common factor of 370 and y.
10
Let r(k) = -k**3 - 3*k**2 + k - 2. Let g be r(-4). Let z(o) = -o**3 + 2*o**2 + 36*o - 3. Let t be z(7). Calculate the greatest common divisor of g and t.
2
Suppose -c = -3*c + 46. Suppose c*q = 24*q - 79. Let l = -49 + q. What is the highest common divisor of 10 and l?
10
Suppose -r + 3*h = -177, 2*r - 4*h = -h + 357. Calculate the highest common divisor of r and 4.
4
Let p = 11 - 10. Let n be 13/p + -1 - -3. Let k be 84/n - 10/(-25). What is the greatest common divisor of 30 and k?
6
Let x = -71 - -137. Calculate the highest common factor of x and 44.
22
Let p be (2/4)/((-8)/(-2384)). Suppose 3*m - 2*w = -4 + 1, 2*m = -4*w - 18. Let g = p - m. What is the highest common factor of g and 19?
19
Let b = 278 + -260. What is the highest common divisor of 18 and b?
18
Let r(y) = -y**2 + 34*y + 1. Let n be r(34). Let s be (-1 + 2 - -7) + 0. What is the highest common divisor of n and s?
1
Let i(q) = 44*q - 11. Let x be i(11). What is the highest common divisor of x and 129?
43
Let d(m) = 4*m**2 + 6*m + 1. Let n be d(-4). What is the greatest common factor of n and 1?
1
Suppose -x - 2*f = -5*f, 0 = -2*x + 2*f. Suppose x = -3*s + 5*s - 48. What is the highest common divisor of s and 32?
8
Suppose 136 = -5*u - 214. Let d = u + 140. What is the greatest common factor of 14 and d?
14
Suppose 2*g - 3*p = g, -2*g - p + 28 = 0. Let c(t) = -t**3 + 12*t**2 + 12*t - 12. Let k be c(g). What is the greatest common divisor of 12 and k?
12
Suppose -37*j - 18*j + 1045 = 0. Let a be 26/(-4) + (-1)/2. Let u = a - -26. What is the highest common divisor of u and j?
19
Let k be 122 - (-3 + 10 + -2). Calculate the greatest common divisor of k and 13.
13
Suppose 196 = -3*b + 244. What is the greatest common factor of b and 176?
16
Let o(x) = -4*x + 1. Let r be o(2). Let k = r - -11. Suppose k*v - 25 = -v. Calculate the highest common factor of 20 and v.
5
Let z = 23 + -8. Let m be 4/((z/(-20))/(-3)). Suppose -5*r + 357 = -523. What is the greatest common factor of m and r?
16
Let t = -22 - -16. Let u(n) = 3*n + 7. Let m be u(t). Let w = 13 + m. Calculate the highest common divisor of w and 2.
2
Suppose 276 = r + r - 2*q, 3*r - 434 = -q. Suppose -22 = -5*a + r. What is the greatest common factor of 132 and a?
33
Suppose -z + 3*z + 128 = 0. Let t = 175 + z. Let w = 156 - t. What is the greatest common divisor of w and 5?
5
Let q = -384 - -423. What is the greatest common factor of q and 507?
39
Let p be 36/10 - (-9)/(-15). Suppose -2*j + 2*l = -p - 5, 5*j - 26 = -l. What is the highest common divisor of j and 1?
1
Let g = 405 + -207. Let s(p) = -4*p + 6. Let y = 63 - 66. Let u be s(y). Calculate the highest common factor of u and g.
18
Suppose 207 + 17 = 2*y. Calculate the greatest common factor of 98 and y.
14
Suppose 250*c = 268*c - 126. Suppose -7*x = -5*k - 2*x + 380, -2*k + 4*x = -150. What is the greatest common divisor of k and c?
7
Let m = 265 - 254. What is the highest common divisor of 121 and m?
11
Let t(j) = -j**3 - 6*j**2 - 7*j + 4. Let d be t(-6). Let h be 3 + -5 + 1 + 2. Let n be 2/(8/276)*h. What is the highest common factor of d and n?
23
Let q = 1612 + -1610. Calculate the greatest common factor of q and 57.
1
Suppose 23 = -5*p + 3. Let o = p - -22. Let u(w) = 5*w**2 - 3*w + 4. Let d be u(-5). What is the highest common divisor of o and d?
18
Let w(n) = n**3 + 4*n**2 + 2*n - 1. Let y be w(-3). Suppose 2*o - 15 = 7*o. Let m be 102 - (o + y) - -2. Calculate the greatest common factor of m and 15.
15
Suppose 482 = 5*h + 11*h - 78. Suppose -5*a + 735 = -0*a. Let s = a - 77. What is the greatest common factor of h and s?
35
Let i(w) = 8*w**2 - 5 - 10*w**2 + 3*w + 4*w**2. Let t be i(-5). Suppose 5*f - 1 = 2*l, -2*l - 3*f + t = l. What is the highest common factor of 63 and l?
7
Suppose 5*u - 16 = -1. Let f be 1*33/9*u. Let i be 766/10 + (-4)/(-10). Calculate the greatest common factor of f and i.
11
Let v = -688 + 703. Suppose y + 4*y - 1275 = 0. Calculate the greatest common divisor of y and v.
15
Let i = 472 + -265. Let o = 58 - -39. Suppose -281 + o = -8*r. What is the highest common factor of i and r?
23
Let c be (66/15 - 2)/(39/8320). What is the highest common divisor of c and 16?
16
Suppose 8*g + 660 = 20*g. Calculate the greatest common divisor of 50 and g.
5
Suppose -n = -6*n + 5*c + 70, n = 3*c + 24. Suppose 10 + n = a. What is the highest common divisor of a and 95?
19
Let 